 1220.
4
What is the highest common factor of 96 and 888?
24
Calculate the greatest common divisor of 1694 and 924.
154
What is the highest common factor of 1251 and 27?
9
What is the highest common divisor of 17 and 2057?
17
What is the highest common factor of 2350 and 94?
94
Calculate the highest common divisor of 676 and 52.
52
What is the highest common factor of 45 and 255?
15
Calculate the greatest common divisor of 1524 and 300.
12
Calculate the highest common factor of 43 and 2279.
43
What is the highest common divisor of 68 and 1088?
68
What is the highest common factor of 14 and 7077?
7
Calculate the highest common factor of 1027 and 79.
79
What is the greatest common factor of 789 and 13939?
263
What is the greatest common divisor of 704 and 11?
11
Calculate the highest common divisor of 328 and 533.
41
Calculate the greatest common divisor of 1650 and 125.
25
What is the highest common divisor of 238 and 14?
14
What is the greatest common divisor of 875 and 15400?
175
What is the greatest common factor of 86 and 18?
2
Calculate the highest common factor of 5 and 55.
5
Calculate the greatest common factor of 762 and 4318.
254
Calculate the greatest common factor of 82 and 2624.
82
Calculate the highest common factor of 70 and 3130.
10
Calculate the greatest common factor of 378 and 56.
14
Calculate the highest common divisor of 3737 and 2020.
101
What is the highest common factor of 286 and 22?
22
Calculate the greatest common factor of 344 and 215.
43
Calculate the highest common factor of 36 and 244.
4
What is the highest common factor of 2553 and 46?
23
What is the highest common factor of 377 and 116?
29
Calculate the greatest common factor of 126 and 10647.
63
What is the highest common factor of 4719 and 52?
13
Calculate the highest common divisor of 6017 and 22.
11
What is the highest common divisor of 3995 and 85?
85
What is the greatest common factor of 117 and 3393?
117
What is the highest common divisor of 865 and 5?
5
Calculate the greatest common factor of 62 and 2666.
62
Calculate the greatest common divisor of 9 and 27.
9
Calculate the greatest common divisor of 352 and 11.
11
Calculate the highest common divisor of 1542 and 6.
6
What is the greatest common factor of 186 and 3472?
62
Calculate the highest common divisor of 11304 and 24.
24
What is the highest common divisor of 55 and 385?
55
Calculate the greatest common factor of 713 and 23.
23
Calculate the highest common factor of 3 and 237.
3
What is the highest common factor of 10 and 1510?
10
What is the greatest common divisor of 1593 and 27?
27
What is the highest common factor of 24 and 152?
8
What is the greatest common factor of 14 and 10?
2
Calculate the greatest common factor of 9 and 9.
9
Calculate the greatest common factor of 50 and 50.
50
Calculate the greatest common factor of 7260 and 120.
60
Calculate the highest common divisor of 10 and 10.
10
Calculate the greatest common factor of 384 and 156.
12
What is the highest common factor of 2071 and 109?
109
Calculate the highest common factor of 9906 and 156.
78
What is the greatest common factor of 14 and 203?
7
What is the greatest common factor of 2 and 622?
2
What is the greatest common divisor of 8533 and 2597?
371
Calculate the highest common divisor of 48 and 2544.
48
Calculate the greatest common divisor of 256 and 1920.
128
Calculate the highest common factor of 170 and 75.
5
Calculate the greatest common factor of 48 and 1392.
48
What is the greatest common factor of 324 and 27?
27
What is the highest common divisor of 793 and 182?
13
What is the greatest common divisor of 20 and 76?
4
What is the highest common factor of 224 and 14?
14
What is the highest common divisor of 473 and 11?
11
What is the highest common divisor of 36 and 576?
36
What is the highest common divisor of 170 and 3730?
10
What is the highest common divisor of 1504 and 611?
47
What is the greatest common factor of 2058 and 168?
42
Calculate the greatest common factor of 105 and 360.
15
Calculate the highest common factor of 58 and 1073.
29
Calculate the greatest common divisor of 3 and 577.
1
Calculate the greatest common divisor of 9 and 63.
9
What is the greatest common factor of 76 and 5396?
76
Calculate the greatest common divisor of 377 and 145.
29
What is the highest common factor of 4908 and 24?
12
What is the greatest common divisor of 1357 and 59?
59
Calculate the greatest common divisor of 3 and 81.
3
What is the highest common divisor of 1440 and 150?
30
Calculate the greatest common divisor of 9 and 207.
9
What is the highest common factor of 4950 and 200?
50
What is the highest common divisor of 275 and 77?
11
What is the highest common factor of 130 and 52?
26
Calculate the greatest common divisor of 37 and 185.
37
What is the highest common factor of 33 and 13827?
33
Calculate the greatest common factor of 42 and 546.
42
What is the greatest common divisor of 3500 and 560?
140
Calculate the greatest common divisor of 52 and 559.
13
What is the highest common divisor of 2392 and 1288?
184
What is the highest common factor of 2146 and 666?
74
What is the greatest common factor of 153 and 102?
51
Calculate the highest common factor of 11 and 32087.
11
What is the highest common factor of 136 and 204?
68
What is the highest common factor of 259 and 476?
7
Calculate the highest common factor of 4828 and 68.
68
What is the greatest common divisor of 45 and 155?
5
What is the greatest common factor of 3269 and 7?
7
Calculate the highest common divisor of 671 and 61.
61
Calculate the greatest common divisor of 5202 and 9.
9
Calculate the greatest common factor of 2 and 2.
2
What is the highest common divisor of 5 and 20?
5
Calculate the highest common divisor of 3 and 9.
3
Calculate the highest common divisor of 81 and 288.
9
Calculate the greatest common divisor of 4977 and 315.
63
What is the highest common divisor of 10218 and 26?
26
What is the greatest common factor of 15957 and 162?
81
What is the highest common factor of 15 and 255?
15
What is the highest common factor of 2268 and 84?
84
What is the highest common divisor of 3228 and 156?
12
What is the greatest common factor of 1170 and 24960?
390
Calculate the highest common factor of 14863 and 267.
89
What is the highest common divisor of 44 and 55?
11
Calculate the highest common factor of 663 and 544.
17
Calculate the highest common divisor of 31 and 4.
1
What is the greatest common divisor of 1992 and 3818?
166
What is the highest common divisor of 585 and 6045?
195
Calculate the highest common factor of 64 and 416.
32
What is the greatest common factor of 13 and 507?
13
Calculate the highest common divisor of 10 and 1810.
10
Calculate the greatest common factor of 18 and 288.
18
Calculate the greatest common divisor of 30 and 10155.
15
Calculate the greatest common factor of 12312 and 380.
76
What is the greatest common divisor of 31 and 341?
31
Calculate the greatest common factor of 120 and 2280.
120
What is the greatest common factor of 27 and 1161?
27
What is the highest common factor of 214 and 3638?
214
What is the greatest common factor of 70 and 9485?
35
Calculate the greatest common factor of 100 and 12.
4
What is the greatest common factor of 4134 and 1590?
318
Calculate the highest common factor of 66 and 649.
11
What is the highest common divisor of 391 and 69?
23
What is the highest common factor of 180 and 10368?
36
Calculate the highest common divisor of 147 and 2009.
49
What is the greatest common divisor of 4425 and 75?
75
Calculate the greatest common factor of 266 and 76.
38
Calculate the highest common factor of 60 and 58.
2
Calculate the greatest common divisor of 28 and 574.
14
Calculate the highest common divisor of 600 and 24.
24
What is the highest common factor of 375 and 250?
125
Calculate the highest common divisor of 948 and 13588.
316
Calculate the greatest common divisor of 40 and 190.
10
What is the greatest common divisor of 8142 and 138?
138
Calculate the highest common divisor of 33 and 4763.
11
Calculate the greatest common divisor of 368 and 1794.
46
What is the greatest common factor of 456 and 1083?
57
What is the highest common factor of 12 and 1236?
12
What is the highest common factor of 360 and 430?
10